(5) a prime number?
False
Let g = -73 + 76. Let w(h) = 104*h**3 - h**2 + 9*h - 7. Is w(g) a prime number?
True
Suppose 537 = -f - 54. Let p = -3 + 7. Is (1*f + p)*-1 a prime number?
True
Let y be ((-3 - -4) + 1)*2. Suppose 0 = 3*t - s + 2*s - 166492, -s + y = 0. Is 4/18 + t/72 a composite number?
True
Suppose 8 = 2*w, 3*z - 3*w + 1960 = -2*w. Let u = z + 319. Is u/(-1) - (7 + -5) a composite number?
False
Let z(i) = -i. Let n be z(-2). Let q be 1*(2 - n - 5). Let v(x) = x**3 + 9*x**2 + 7*x + 2. Is v(q) a prime number?
True
Let d = 109 + -107. Is 17/d*(-25 + 183) a prime number?
False
Suppose -4*k + 5*y = -6489, -2*k - 2*y + 195 = -3045. Is k prime?
True
Let i = 73249 - 37370. Is i a composite number?
False
Let q = -775 + 18468. Is q prime?
False
Let m be (-1)/1*0/5. Suppose m = -40*u + 35*u + 12395. Is u a composite number?
True
Suppose -6*m = -11*m - 45. Let r(i) = i**3 + 12*i**2 - 11*i - 5. Is r(m) prime?
True
Let r be ((-8)/(-2) - 1) + 36. Suppose 2*d = 19 - r. Let w(g) = -g**2 - 15*g + 8. Is w(d) a prime number?
False
Let d = 13680 - 8929. Is d a prime number?
True
Let x = 82 - 74. Is (35/(-4))/((-2)/x) prime?
False
Let p(b) = -b**2 + 8*b - 10. Let a be p(6). Suppose z + 5*y = 203, 394 = a*z - 3*y + 14. Suppose -3*i + z = -134. Is i composite?
False
Suppose -5*x = w - 335, x + 4*w - 91 + 5 = 0. Suppose 973 = k - x. Is k composite?
False
Let s = -6 - -3. Let k(a) = 12*a**2 - 3*a + 1. Let t be k(s). Suppose r - 2*f = -3*f + t, -3*f = 2*r - 235. Is r prime?
False
Let i(o) = 6*o**3 - 2*o**2 + 2*o + 1. Let v be i(-2). Let t = v + 285. Is t a composite number?
True
Suppose 4*j - 32 = -8. Let m(n) = 13*n - 7. Is m(j) prime?
True
Let q(w) = -w**2 - 6*w - 3. Let c be q(-6). Let i be (4/(-3) - -1)*c. Let j(m) = 222*m**3 + m**2 + m - 1. Is j(i) a composite number?
False
Let b = 41 + -53. Let q(n) = -30*n - 41. Is q(b) a prime number?
False
Let z be ((-42)/9)/((-3)/18*4). Suppose -j = -z*j + 11694. Is j a composite number?
False
Let b(w) = w**2 - 6*w. Let i(v) = 3*v**2 - 11*v + 1. Let a(z) = -5*b(z) + 2*i(z). Let g be a(-8). Is 4 + -5 + 520/g a composite number?
True
Let d(c) = c**3 - 17*c**2 - c - 22. Let w be d(18). Suppose -5*n - w = -7*n. Is n prime?
False
Let z(h) = 4*h - 7. Let w be z(3). Suppose 0 = 2*n, -795 = g - 6*g + w*n. Is g composite?
True
Suppose 0 = -4*x - 2*o + 14, -x - 5*o = -0*x - 8. Suppose 0 = 4*a - x*a - 1137. Is a a prime number?
False
Let b(q) = 68*q**2 - 17*q - 55. Is b(12) composite?
False
Let o = -35 - -40. Let p(k) = -4*k**2 + 31*k - 58. Let c(r) = 3*r**2 - 21*r + 39. Let y(a) = o*p(a) + 7*c(a). Is y(-12) a composite number?
False
Suppose -2*b = 2*r - 1106, -2*r = -3*b - 1466 + 360. Let l = -156 + r. Suppose 2*y + 818 = k + k, k + 5*y = l. Is k a prime number?
False
Suppose 0 = -7*i + 27 + 15. Suppose 3950 = 4*n + i*n. Is n a composite number?
True
Let h be (-9)/(-4)*(-4)/(-3). Suppose -5 = 5*w + h*x, 5*x - 19 + 52 = 4*w. Suppose -5*r + 4*f = 623 - 2058, -2*f = -w*r + 574. Is r a prime number?
False
Let l = 39 + -36. Suppose 3*m - l = -6. Let f(y) = 78*y**2 + y. Is f(m) prime?
False
Let n = -31 + 215. Is (15 + -1)*n/16 a composite number?
True
Suppose -1062 = 5*u - 337. Let g = 207 + u. Is g prime?
False
Suppose -54*d = -86*d + 21184. Is d a composite number?
True
Suppose -177*i = -108*i - 2592951. Is i composite?
False
Suppose -6*v + v + 30860 = 0. Suppose 0 = 14*z - 10*z - v. Is z a composite number?
False
Let f = 5 + -5. Suppose f = a + 2*a + 18. Is (-586)/a*(4 - 1) a prime number?
True
Let k = -15 + 15. Suppose u + 3*u + 720 = k. Let v = u - -391. Is v prime?
True
Is 20/35 - (-522940)/28 a prime number?
False
Suppose 4*v = 5*v + 3*a - 77, 341 = 4*v + a. Let g = v - 40. Is g a prime number?
False
Let l(o) be the second derivative of o**4/12 - 2*o**3/3 - o**2/2 - o. Suppose -4*u - 3*d - 30 = 0, 3*u = 9*d - 4*d - 8. Is l(u) composite?
False
Suppose 2*n = -0*n - 3*f - 9, 2*f = -n - 7. Suppose 0 = 5*l + n*z - 48 - 422, 0 = 5*l + z - 470. Is l a prime number?
False
Let w be 0 - ((-3 - 2) + 4). Is (66 - -415) + w*-1 + -1 a composite number?
False
Let r = -22 + 49. Suppose -537 = -6*c - r. Is c composite?
True
Let q = 3620 - 1931. Is q prime?
False
Let u(t) = 10*t**2 + 3*t + 79. Is u(14) prime?
True
Suppose -1 = k, 0 = -31*y + 26*y + 2*k + 150837. Is y prime?
False
Let y = -4595 - -7672. Is y a prime number?
False
Let d(x) = -x**3 - 58*x**2 - 142*x - 181. Is d(-56) composite?
False
Let z(v) = v**2 - 2*v + 1. Let p be z(6). Let u = 43 - p. Is 7078/u - 8/36 composite?
True
Let n be 2/5 + (-9)/(-15). Let m = n + 5. Is 24 + m/(-2) + 0 a prime number?
False
Let l(h) = -h**3 + 14*h**2 + 14*h + 17. Let g be l(15). Suppose -13*m + 9977 = -g*m. Is m prime?
True
Let x be -4 + 5 - (-6)/2. Suppose -x*l + 6 = -l. Suppose -l*k = -5 - 21. Is k prime?
True
Let f = -42 - -72. Let y be ((-5)/15)/((-1)/f). Suppose y = m - 13. Is m a prime number?
True
Let x(q) = -q**2 + 4. Let d be x(0). Suppose d*v = 2*v - 12. Is ((-18)/v)/((-3)/(-26)) composite?
True
Let n(x) = 8872*x + 45. Is n(3) a composite number?
True
Let j be 4/6 - 70/6. Let p = j + 15. Let l(v) = 38*v - 9. Is l(p) prime?
False
Let u(z) = 358*z**2 + z - 2. Let o be u(1). Suppose -i + 180 = -o. Is i a composite number?
True
Let p(z) = -z**3 + 13*z**2 + z - 4. Let a be p(13). Let j = a + -4. Suppose -51 + 187 = t - 3*g, 0 = -j*t - 2*g + 629. Is t composite?
False
Suppose c = 3*m - 18358, 2*m - 207*c + 210*c - 12235 = 0. Is m a prime number?
False
Let l(w) = -w**2 + 4*w - 3. Let p(n) = -5*n + 2. Let q(c) = -4*l(c) - 3*p(c). Let z(t) = -2*t**2 + 1. Let m be z(-2). Is q(m) composite?
True
Suppose 0 = -3*d - d + 1420. Suppose -a + 1165 = -d. Let h = a + -1083. Is h prime?
False
Let s(a) = -7*a + 2. Let h be s(4). Let u be (-60)/(-14) - h/(-91). Suppose -u*t + 0*w + 575 = w, -2*t = -3*w - 305. Is t a prime number?
False
Let d be (-20)/(-90) - 1114/(-9). Suppose d = -0*h + 2*h. Let s = 117 - h. Is s a prime number?
False
Let f = -25 - -404. Is f prime?
True
Let s = -95 + 145. Let r(m) = 36*m**3 + s*m**3 + 3*m + 2 + 555*m**3 - 5*m. Is r(1) a composite number?
False
Let s(q) = -17*q**2 + 19*q + 6. Let v be s(-13). Let k = v - -5213. Is k prime?
True
Let k(i) = -2*i**2 + i + 161. Suppose 24 = 4*z - 5*c, 3 = -2*c - 5. Suppose -5*q - z = 3*u - 2*u, 2*q - 4*u = 4. Is k(q) prime?
False
Suppose -10226 = -4*n - 5*w, -11*n + 5*w + 5128 = -9*n. Is n composite?
True
Suppose 2*c - 15 = -3*c. Suppose 2*b + 3*j + 1 = b, c*b = 3*j + 9. Suppose -b*a + 79 = -95. Is a a composite number?
True
Is 9*3/(-9) + (1 - -7819) a prime number?
True
Let k(u) = 2*u**3 + 2*u**2 - u. Let y be k(1). Suppose l + 5*m = -2 + 386, 3*m = -y*l + 1212. Is l composite?
False
Let s(u) = 30*u. Let k be s(4). Suppose -53 = j + k. Let g = j + 378. Is g composite?
True
Let y(d) = 6*d**3 + 14*d**2 + 13*d - 9. Let l(g) = -g**3 - g**2. Let i(v) = -5*l(v) - y(v). Is i(-8) a prime number?
False
Is -1075*(-19 + 0) - (-744)/124 a prime number?
True
Suppose -5*f = -4*f - 63. Suppose -f - 439 = -2*g. Is g composite?
False
Let x(p) = -5*p + 13 - p**3 + 2*p**3 + 2*p**3 - 5*p**3 - 9*p**2. Is x(-7) a prime number?
True
Suppose -3*k + 5*q + 344384 = 0, -5*k = -11*q + 10*q - 574010. Is k prime?
False
Let b(w) = 826*w**2 + 4*w - 1. Is b(1) prime?
True
Suppose 43*v - 10446 = 37*v. Is v a composite number?
False
Suppose -4*l + 14 + 2 = 0. Let k be l/22 - 2/11. Suppose 4*v - 2*v - 290 = k. Is v a prime number?
False
Let n = 12977 + 7805. Is n prime?
False
Let o(m) = -m**3 + 38*m**2 - 5*m - 3. Let g be 12/(-16) + 82*2/(-16). Is o(g) composite?
False
Let c = -959 - -1493. Suppose 5*d - c - 2411 = 0. Is d a prime number?
False
Let b be (-2)/9 + (-6)/(-27). Suppose b = -4*f + 9*f. Suppose f = -5*c + c + 152. Is c composite?
True
Suppose -2*i + 5*i = 12. Suppose -i*h = 1 - 5. Is 3/(0/2 + h) a composite number?
False
Let s = 4644 - -1022. Suppose -5*u - 2*j = -s - 1319, -4*u + 5581 = 3*j. Is u prime?
True
Suppose 0 = -7*p + 5*p + 42. Suppose 4 + p = 5*o. Suppose -o*z = -4*g - 158 + 2962, -3*g = 5*z - 2103. Is g a prime number?
True
Let i(h) = 43*h**2 + 7*h + 179. Is i(26) a composite number?
False
Let b = 808 + -424. Let k = 715 - b. Is k a composite number?
False
Suppose 5*n - 5239 = -2694. Is n a prime number?
True
Let f(q) = 2*q**2 - 38*q - 21. Is f(41) a pri